 19?
16
What is the remainder when 1829459 is divided by 15?
14
Calculate the remainder when 1072458 is divided by 72.
18
Calculate the remainder when 83198 is divided by 41589.
20
What is the remainder when 11206 is divided by 510?
496
Calculate the remainder when 24726 is divided by 250.
226
What is the remainder when 35501 is divided by 786?
131
Calculate the remainder when 488570 is divided by 1634.
4
What is the remainder when 14985 is divided by 936?
9
What is the remainder when 5291 is divided by 659?
19
What is the remainder when 204848 is divided by 40960?
48
What is the remainder when 79365 is divided by 23?
15
What is the remainder when 104262 is divided by 125?
12
Calculate the remainder when 16377 is divided by 455.
452
What is the remainder when 147 is divided by 32?
19
What is the remainder when 43160 is divided by 645?
590
Calculate the remainder when 453 is divided by 27.
21
Calculate the remainder when 3466105 is divided by 1155360.
25
Calculate the remainder when 5736 is divided by 33.
27
What is the remainder when 20333 is divided by 364?
313
Calculate the remainder when 7202322 is divided by 25.
22
Calculate the remainder when 187803 is divided by 130.
83
What is the remainder when 2851402 is divided by 381?
379
Calculate the remainder when 148553 is divided by 609.
566
What is the remainder when 184602 is divided by 1?
0
Calculate the remainder when 374 is divided by 78.
62
Calculate the remainder when 57496 is divided by 426.
412
Calculate the remainder when 3493 is divided by 103.
94
What is the remainder when 435 is divided by 27?
3
Calculate the remainder when 10214 is divided by 5070.
74
What is the remainder when 43361 is divided by 332?
201
Calculate the remainder when 8225 is divided by 222.
11
Calculate the remainder when 661 is divided by 335.
326
Calculate the remainder when 3993 is divided by 93.
87
What is the remainder when 3382 is divided by 265?
202
Calculate the remainder when 375 is divided by 29.
27
What is the remainder when 709 is divided by 402?
307
What is the remainder when 38185 is divided by 496?
489
Calculate the remainder when 416637 is divided by 40.
37
What is the remainder when 168015 is divided by 25?
15
What is the remainder when 743 is divided by 223?
74
What is the remainder when 1949 is divided by 56?
45
What is the remainder when 8613 is divided by 6534?
2079
What is the remainder when 215228 is divided by 2050?
2028
Calculate the remainder when 784046 is divided by 49.
46
What is the remainder when 13675 is divided by 30?
25
Calculate the remainder when 2025 is divided by 188.
145
Calculate the remainder when 15949 is divided by 58.
57
Calculate the remainder when 4614 is divided by 1153.
2
Calculate the remainder when 84120 is divided by 7646.
14
Calculate the remainder when 53098 is divided by 100.
98
Calculate the remainder when 571912 is divided by 459.
457
What is the remainder when 8570 is divided by 571?
5
What is the remainder when 4938 is divided by 1569?
231
What is the remainder when 3825 is divided by 234?
81
What is the remainder when 1743 is divided by 435?
3
What is the remainder when 4697 is divided by 2321?
55
What is the remainder when 21504 is divided by 10742?
20
Calculate the remainder when 42754 is divided by 5.
4
Calculate the remainder when 4283 is divided by 916.
619
Calculate the remainder when 22413 is divided by 76.
69
Calculate the remainder when 692 is divided by 651.
41
Calculate the remainder when 686 is divided by 148.
94
Calculate the remainder when 90113 is divided by 57.
53
What is the remainder when 86767 is divided by 40?
7
What is the remainder when 6922 is divided by 121?
25
What is the remainder when 1679525 is divided by 42?
29
What is the remainder when 12710 is divided by 289?
283
What is the remainder when 1048 is divided by 93?
25
What is the remainder when 242009 is divided by 11?
9
Calculate the remainder when 6782 is divided by 3.
2
What is the remainder when 3806918 is divided by 13?
11
Calculate the remainder when 166683 is divided by 622.
609
What is the remainder when 25675 is divided by 2?
1
Calculate the remainder when 163220 is divided by 36.
32
What is the remainder when 8021 is divided by 212?
177
What is the remainder when 37682 is divided by 408?
146
What is the remainder when 15006 is divided by 1258?
1168
Calculate the remainder when 60444 is divided by 30207.
30
What is the remainder when 64914 is divided by 391?
8
Calculate the remainder when 1296 is divided by 1293.
3
What is the remainder when 10391 is divided by 10371?
20
Calculate the remainder when 35825 is divided by 545.
400
What is the remainder when 2362 is divided by 346?
286
Calculate the remainder when 87930 is divided by 598.
24
What is the remainder when 47720 is divided by 519?
491
What is the remainder when 5939 is divided by 283?
279
What is the remainder when 18277 is divided by 74?
73
What is the remainder when 3500 is divided by 624?
380
What is the remainder when 197160 is divided by 61?
8
What is the remainder when 63167 is divided by 19?
11
Calculate the remainder when 4149885 is divided by 192.
189
Calculate the remainder when 96352 is divided by 9634.
12
What is the remainder when 49653 is divided by 16543?
24
What is the remainder when 15194 is divided by 15191?
3
Calculate the remainder when 77728 is divided by 12.
4
Calculate the remainder when 8608 is divided by 8529.
79
What is the remainder when 34601 is divided by 6?
5
Calculate the remainder when 11251 is divided by 400.
51
Calculate the remainder when 325511 is divided by 12.
11
Calculate the remainder when 37619 is divided by 28.
15
What is the remainder when 6496 is divided by 583?
83
What is the remainder when 715 is divided by 351?
13
Calculate the remainder when 94624 is divided by 53.
19
Calculate the remainder when 18938 is divided by 526.
2
Calculate the remainder when 193818 is divided by 22.
20
What is the remainder when 216225 is divided by 72?
9
What is the remainder when 1372410 is divided by 547?
534
Calculate the remainder when 415390 is divided by 2026.
60
What is the remainder when 2072 is divided by 510?
32
Calculate the remainder when 347 is divided by 20.
7
Calculate the remainder when 27616 is divided by 6.
4
Calculate the remainder when 70838 is divided by 48.
38
Calculate the remainder when 4079 is divided by 861.
635
Calculate the remainder when 41967 is divided by 19.
15
What is the remainder when 3424 is divided by 1417?
590
Calculate the remainder when 15705 is divided by 43.
10
Calculate the remainder when 43430 is divided by 4342.
10
Calculate the remainder when 2737011 is divided by 1729.
4
What is the remainder when 251726 is divided by 45?
41
Calculate the remainder when 2126 is divided by 355.
351
What is the remainder when 58952 is divided by 51?
47
Calculate the remainder when 7374 is divided by 44.
26
Calculate the remainder when 31049 is divided by 5169.
35
Calculate the remainder when 19872 is divided by 473.
6
What is the remainder when 31996 is divided by 2456?
68
Calculate the remainder when 15173 is divided by 8.
5
Calculate the remainder when 49478 is divided by 697.
688
What is the remainder when 61691 is divided by 35?
21
What is the remainder when 13248 is divided by 4049?
1101
Calculate the remainder when 1719113 is divided by 1253.
1250
Calculate the remainder when 46791 is divided by 974.
39
Calculate the remainder when 1301616 is divided by 325400.
16
What is the remainder when 172450 is divided by 178?
146
What is the remainder when 27375 is divided by 5435?
200
What is the remainder when 6926 is divided by 54?
14
Calculate the remainder when 122635 is divided by 84.
79
What is the remainder when 116208 is divided by 68?
64
Calculate the remainder when 10484 is divided by 602.
250
What is the remainder when 19786 is divided by 194?
192
Calculate the remainder when 4516 is divided by 666.
520
Calculate the remainder when 1592 is divided by 764.
64
Calculate the remainder when 1974 is divided by 32.
22
Calculate the remainder when 5380 is divided by 299.
297
Calculate the remainder when 328535 is divided by 156.
155
Calculate the remainder when 5535 is divided by 5317.
218
Calculate the remainder when 52590 is divided by 4381.
18
Calcu